Suppose 46*f - 32*f - 112308 = 0. What is the thousands digit of f?
8
Suppose -49634 = -46*j + 311472 + 144940. What is the ten thousands digit of j?
1
What is the hundreds digit of 1/((-13)/(-6435)) + -9?
4
What is the units digit of 11263*((-4)/18 + ((-1616)/(-144) - 6))?
5
Suppose -69586 - 5041 = -30*z + 1063. What is the thousands digit of z?
2
Suppose -4*x = -3*u - 0*u + 27, 4*x + 4*u = 8. Let g be 3/(-9) - 1/x. Suppose 2*f = 5*l - 347, -3*f = l - g*l - 66. What is the tens digit of l?
6
Suppose 4*s + 2874 = 2*s. Let z = 2012 + s. What is the hundreds digit of z?
5
Suppose 33*k - 32*k + 5*u = 5513, -27469 = -5*k - u. What is the tens digit of k?
9
Let j(u) = 9*u**2 - 8*u**2 + 61*u**3 - 2*u**2. Suppose 5*o - 8 + 3 = 0. What is the units digit of j(o)?
0
Let d(r) = 267*r**2 + 22*r + 224. What is the units digit of d(13)?
3
Let t = 10 + -10. Suppose 2*g + 9 = 3*n - 7, -5*n - 3*g - 5 = t. Suppose 5*o - 3*o - 204 = -4*y, -198 = -n*o - 2*y. What is the units digit of o?
6
Suppose 43*s - 9*s - 162248 = 0. What is the units digit of s?
2
Let h = -2375 - -5252. What is the tens digit of h?
7
Suppose -55*p + 290797 + 930133 + 90490 = 0. What is the ten thousands digit of p?
2
Suppose 0 = -5*m + 22061 + 10759. What is the thousands digit of m?
6
Let p(w) = w**2 - 32*w + 56. Let g be p(26). Let k = -100 - g. Suppose -27 = -3*y + 5*f, 0 = -3*y + 2*f - k*f + 27. What is the units digit of y?
9
Let b be ((-5)/(-45)*-3)/(1/3). What is the units digit of -12*(1673/(-21) - b)?
4
Let v = 282 - 39. Suppose 255*i = v*i + 13296. What is the thousands digit of i?
1
Let g = 104265 - 74380. What is the thousands digit of g?
9
Suppose 0 = 5*j + 4*f - 149380, -8*j - 2*f + 358474 = 4*j. What is the tens digit of j?
7
Let v = 25701 + -13752. What is the units digit of v?
9
Let m(g) = -g**2 - 27*g + 41. Let n be (225/9)/(0 + -1). What is the tens digit of m(n)?
9
Suppose 0 = -11*r + 57 - 13. Suppose -r*a - 2*u + 3964 = 0, -2*a - u + 1974 = -2*u. What is the hundreds digit of a?
9
Let a(u) = 28*u**3 - 4*u**2 - 4*u + 6. Let j(c) = 27*c**3 - 4*c**2 - 3*c + 5. Let v(k) = -3*a(k) + 4*j(k). What is the units digit of v(1)?
2
Let i be (2 - (-8)/(-6))/(-1)*9. What is the tens digit of (-7 + 195 + i)*7?
7
Suppose 2*x - 162056 = -4*b, -254*x - 6 = -251*x. What is the units digit of b?
5
What is the tens digit of (-57 - -56)*1/(-2)*59496?
4
Let b = 20690 + -9618. What is the ten thousands digit of b?
1
What is the hundreds digit of (125/100)/((-3)/(-18792))?
8
Suppose 4*s - 4*r = 20, 6*s - 5 = 5*s + 5*r. Suppose -254 = -3*x + 2*x - 3*n, 0 = -4*x - s*n + 995. What is the units digit of x?
5
Let w be ((-39)/12 + 24/32)*-2. Suppose 0 = -w*t + 2*t + 510. What is the hundreds digit of t?
1
Let v be (-3 - 28/(-8))*(-388)/(-2). Suppose -x + v = -4*i, -x - x - 3*i + 249 = 0. Suppose 2*h + x = 3*h. What is the units digit of h?
7
Let b(u) = 6*u + 111. Let s be b(-17). Suppose -24*o - s*o + 40062 = 0. What is the hundreds digit of o?
2
Let j = -22 + 33. Let q(x) be the second derivative of -x**4/12 + 5*x**3/2 + 4*x**2 - 30*x. What is the units digit of q(j)?
2
Let g = 9620 + 7626. What is the hundreds digit of g?
2
Suppose -5*b + 17 + 8 = q, q - 27 = -3*b. Let v = q + -70. Let k = v - -110. What is the units digit of k?
0
Suppose 2*b - 55 + 43 = -3*n, -37 = -5*b - 4*n. What is the units digit of b?
9
Let c = 10 + -6. Suppose -5*a + 4*m + 3264 = 0, -2616 = -c*a + 4*m - 2*m. Suppose -w - 3*w = -a. What is the tens digit of w?
6
Let m = 70 - -3683. What is the tens digit of m?
5
Let q be ((-7)/(-2) + 3)*6. Let r = -40 + q. Let l(i) = 41*i**2 - 2*i + 1. What is the units digit of l(r)?
4
Let h = -136 - -132. What is the units digit of 763 + (-40 - h)/6?
7
Let n = -4322 + 2174. Let t be (-4)/16 - n/16. Suppose 584 = 5*q + t. What is the units digit of q?
0
Suppose -104663 + 37360 = -22*k + 96553. What is the thousands digit of k?
7
Suppose 2*a + 2*d = 6, 4*d - 6 - 11 = -5*a. Suppose -45 - 13 = -2*z - 4*l, -a*l = 4*z - 113. What is the units digit of 4/(-6)*z/9*-102?
4
Let j be 3 + -3 + 30 - -1 - -1. Let q be (-15 - -11) + (-30)/(2 + 0). Let r = j + q. What is the units digit of r?
3
Let x(a) = -a**2 + 7*a - 6. Let n be x(2). Suppose 0*f - 4*f = n*q - 52, -q = -3*f + 47. What is the units digit of f?
5
Let m = 51135 + -24959. What is the units digit of m?
6
Let b(r) = -r**3 + 7*r**2 - 7*r - 8. Let p be b(5). Suppose 0 = p*u + 21*u - 35784. What is the thousands digit of u?
1
Let u be (-561)/(-44)*(3 + -1)*-2. What is the tens digit of -14*u/6*(2 + 0)?
3
What is the units digit of (-2)/(-6) + 25/(-45) - 121100/(-63)?
2
Suppose -3*q = q + 4*g + 8, 0 = 2*q + 5*g + 13. Suppose 2 + q = 3*a. What is the tens digit of (-2 - -5) + 12/a?
1
Let w = -90 + 95. Suppose w*o - 5*x = -5, 2*o + 0*x - 1 = x. Suppose -17*u + o*u = -675. What is the tens digit of u?
4
Let n be 4/3 - (-17)/(-51). Let s be n + (-8)/(8/(-4)). Suppose 527 = s*b + 3*f - 7, -3*b + f = -312. What is the tens digit of b?
0
Let j(s) = 2088*s**2 + 140*s - 899. What is the units digit of j(6)?
9
Suppose -3*m + 1683 = -12*m. Let i = -454 - m. Let z = -183 - i. What is the units digit of z?
4
Suppose 3*j - 4568 = 1573. Suppose 1838 = 7*f - j. What is the hundreds digit of f?
5
Suppose 0 = -18*t - 5093 - 4555. Let l = -197 - t. What is the hundreds digit of l?
3
Let f(m) be the first derivative of m**3/3 + 2*m**2 + 2*m - 3. Let v be f(-4). What is the units digit of (v/4)/((-3)/(-606))?
1
Suppose -25185 = -3*f - 2*v, -2*f + 309*v + 16801 = 314*v. What is the tens digit of f?
9
Let n(a) = -21 + 112 - 103*a - 186*a + 62*a. What is the hundreds digit of n(-6)?
4
Let r = 2 + 6. Let m be (-2)/(-6) - r/(-3). Suppose 263 = m*g + 4*a, 4*a + 92 = g + a. What is the units digit of g?
9
Let k(f) be the third derivative of -f**6/120 - f**5/6 - 4*f**3/3 - 5*f**2. Suppose -19 + 74 = -5*g. What is the units digit of k(g)?
3
Let n = 1434 + -657. Let i = n + -522. What is the units digit of i?
5
Let z be 1/(3/12*4) + 4. Let i be (-242)/8 - z/(-20). What is the tens digit of (23 - 19)*(0 + i/(-4))?
3
Let x = 61 + -57. Let w be x + (31 - -4)/(-5). Let t(z) = z**3 + 7*z**2 + 3*z - 4. What is the tens digit of t(w)?
2
Let f = -6 + 10. Let m = -496 - -977. Suppose f*p - 3*g - 580 = -p, -4*p = g - m. What is the units digit of p?
9
Suppose -5*j = -2*f + 1733 + 1257, -2*j - 5*f = 1196. Let r = j - -984. What is the units digit of r?
6
Let j(v) = -v**3 - 15*v**2 + 17*v + 18. Let i be j(-16). Suppose -i*a = -4*r + 22 + 2, -5*r = 3*a - 41. Suppose 7*s = r + 14. What is the units digit of s?
3
Let z(i) = -34*i**3 + i**2 + i - 8. Let c be z(-3). What is the hundreds digit of 21/(-14)*c/(-6)?
2
Suppose 193*v = 1438024 - 352592. What is the hundreds digit of v?
6
Suppose 0 = -u + s + 2708, 152 + 13364 = 5*u + 3*s. What is the thousands digit of u?
2
Suppose -5*u = -3*h + 2372, -3*h - u - 321 = -2705. Suppose h + 178 = 4*f. What is the hundreds digit of f?
2
Let p = -653 - -655. Suppose 4*t + 5*g = 3178, -9*g = p*t - 4*g - 1584. What is the tens digit of t?
9
Suppose 2*d = -3*v + 1866, 3*d + 0*d = v + 2788. Suppose 3*r + d = 5*k, 5*k - 605 = 5*r + 315. What is the hundreds digit of k?
1
Let t = 8 - 30. Let k = -18 - t. Suppose l - 111 = -k. What is the units digit of l?
7
What is the hundreds digit of (-3)/4 + 4668*6275/1200?
4
Let f(q) = -q**2 - 23*q - 18. Let w be f(-15). Suppose z + 3*c = -4*z + 36, 6 = -2*c. Suppose z*m - w = 8*m. What is the tens digit of m?
0
Let c(i) = -161*i + 2. Let b be c(2). Suppose -18*v - 3278 = 5506. Let s = b - v. What is the hundreds digit of s?
1
Suppose 3*r = 5*t + 2 - 1, 0 = -4*r + 4*t - 4. Let f be 310 - 2 - (3 + r)/4. Suppose 3*u + 104 - f = 0. What is the tens digit of u?
6
Let n(a) = 748*a - 706. What is the units digit of n(9)?
6
Suppose 308*u + 14 = 306*u. Let h(v) = 8*v**2 + 39*v + 7. What is the tens digit of h(u)?
2
Let v(w) = -w + 5. Let h(p) = 3*p - 10. Let x(n) = 6*h(n) + 14*v(n). Let t be x(4). Suppose 2*z + 3*f - 31 + 5 = 0, -2*z + t = -f. What is the tens digit of z?
1
Suppose 8*s = s - 14. Let h be 2/3*1101 - 2/s. Suppose 0 = -0*f - 7*f + h. What is the hundreds digit of f?
1
Let u(r) = 5*r**2 + 10*r + 6. Let t be u(-9). Suppose t = 4*j - 407. Suppose -2*y - 4*m = -j, y = -0*m + 3*m + 71. What is the units digit of y?
3